{"id":7,"date":"2019-06-04T13:06:47","date_gmt":"2019-06-04T13:06:47","guid":{"rendered":"http:\/\/salonulucky.cz\/?page_id=7"},"modified":"2026-01-05T22:28:55","modified_gmt":"2026-01-05T22:28:55","slug":"home","status":"publish","type":"page","link":"https:\/\/salonulucky.cz\/","title":{"rendered":"Home"},"content":{"rendered":"","protected":false},"excerpt":{"rendered":"","protected":false},"author":1,"featured_media":0,"parent":0,"menu_order":0,"comment_status":"open","ping_status":"closed","template":"","meta":{"footnotes":""},"class_list":["post-7","page","type-page","status-publish","hentry"],"yoast_head":"<!-- This site is optimized with the Yoast SEO plugin v26.2 - https:\/\/yoast.com\/wordpress\/plugins\/seo\/ -->\n<title>P\u0159\u00edstrojov\u00e1 pedik\u00fara - Salon u Lucky<\/title>\n<meta name=\"description\" content=\"Profesion\u00e1ln\u00ed p\u0159\u00edstrojov\u00e1 (such\u00e1) pedik\u00fara v \u010cesk\u00fdch Bud\u011bjovic\u00edch pro dokonale hladk\u00e1 a zdrav\u00e1 chodidla\" \/>\n<meta name=\"robots\" content=\"index, follow, max-snippet:-1, max-image-preview:large, max-video-preview:-1\" \/>\n<link rel=\"canonical\" href=\"https:\/\/salonulucky.cz\/\" \/>\n<meta property=\"og:locale\" content=\"cs_CZ\" \/>\n<meta property=\"og:type\" content=\"article\" \/>\n<meta property=\"og:title\" content=\"P\u0159\u00edstrojov\u00e1 pedik\u00fara - Salon u Lucky\" \/>\n<meta property=\"og:description\" content=\"Profesion\u00e1ln\u00ed p\u0159\u00edstrojov\u00e1 (such\u00e1) pedik\u00fara v \u010cesk\u00fdch Bud\u011bjovic\u00edch pro dokonale hladk\u00e1 a zdrav\u00e1 chodidla\" \/>\n<meta property=\"og:url\" content=\"https:\/\/salonulucky.cz\/\" \/>\n<meta property=\"og:site_name\" content=\"Salon u Lucky\" \/>\n<meta property=\"article:publisher\" content=\"https:\/\/www.facebook.com\/profile.php?id=61560060665392\" \/>\n<meta property=\"article:modified_time\" content=\"2026-01-05T22:28:55+00:00\" \/>\n<meta property=\"og:image\" content=\"https:\/\/salonulucky.cz\/wp-content\/uploads\/2024\/09\/apple-touch-icon.png.png\" \/>\n\t<meta property=\"og:image:width\" content=\"180\" \/>\n\t<meta property=\"og:image:height\" content=\"180\" \/>\n\t<meta property=\"og:image:type\" content=\"image\/png\" \/>\n<meta name=\"twitter:card\" content=\"summary_large_image\" \/>\n<script type=\"application\/ld+json\" class=\"yoast-schema-graph\">{\"@context\":\"https:\/\/schema.org\",\"@graph\":[{\"@type\":\"WebPage\",\"@id\":\"https:\/\/salonulucky.cz\/\",\"url\":\"https:\/\/salonulucky.cz\/\",\"name\":\"P\u0159\u00edstrojov\u00e1 pedik\u00fara - Salon u Lucky\",\"isPartOf\":{\"@id\":\"https:\/\/salonulucky.cz\/#website\"},\"datePublished\":\"2019-06-04T13:06:47+00:00\",\"dateModified\":\"2026-01-05T22:28:55+00:00\",\"description\":\"Profesion\u00e1ln\u00ed p\u0159\u00edstrojov\u00e1 (such\u00e1) pedik\u00fara v \u010cesk\u00fdch Bud\u011bjovic\u00edch pro dokonale hladk\u00e1 a zdrav\u00e1 chodidla\",\"breadcrumb\":{\"@id\":\"https:\/\/salonulucky.cz\/#breadcrumb\"},\"inLanguage\":\"cs\",\"potentialAction\":[{\"@type\":\"ReadAction\",\"target\":[\"https:\/\/salonulucky.cz\/\"]}]},{\"@type\":\"BreadcrumbList\",\"@id\":\"https:\/\/salonulucky.cz\/#breadcrumb\",\"itemListElement\":[{\"@type\":\"ListItem\",\"position\":1,\"name\":\"Dom\u016f\",\"item\":\"https:\/\/salonulucky.cz\/\"},{\"@type\":\"ListItem\",\"position\":2,\"name\":\"Home\"}]},{\"@type\":\"WebSite\",\"@id\":\"https:\/\/salonulucky.cz\/#website\",\"url\":\"https:\/\/salonulucky.cz\/\",\"name\":\"Salon u Lucky\",\"description\":\"p\u0159\u00edstrojov\u00e1 pedik\u00fara,such\u00e1 pedik\u00fara,pedik\u00fara \u010desk\u00e9 bud\u011bjovice,profesion\u00e1ln\u00ed pedik\u00fara,p\u00e9\u010de o chodidla,zdrav\u00e1 chodidla, pedik\u00fara bez vody, pedik\u00fara strojov\u011b, pedik\u00e9rka \u010desk\u00e9 bud\u011bjovice, pedik\u00fara hladk\u00e1 chodidla\",\"publisher\":{\"@id\":\"https:\/\/salonulucky.cz\/#organization\"},\"potentialAction\":[{\"@type\":\"SearchAction\",\"target\":{\"@type\":\"EntryPoint\",\"urlTemplate\":\"https:\/\/salonulucky.cz\/?s={search_term_string}\"},\"query-input\":{\"@type\":\"PropertyValueSpecification\",\"valueRequired\":true,\"valueName\":\"search_term_string\"}}],\"inLanguage\":\"cs\"},{\"@type\":\"Organization\",\"@id\":\"https:\/\/salonulucky.cz\/#organization\",\"name\":\"Salon u Lucky\",\"url\":\"https:\/\/salonulucky.cz\/\",\"logo\":{\"@type\":\"ImageObject\",\"inLanguage\":\"cs\",\"@id\":\"https:\/\/salonulucky.cz\/#\/schema\/logo\/image\/\",\"url\":\"http:\/\/salonulucky.cz\/wp-content\/uploads\/2024\/09\/apple-touch-icon.png.png\",\"contentUrl\":\"http:\/\/salonulucky.cz\/wp-content\/uploads\/2024\/09\/apple-touch-icon.png.png\",\"width\":180,\"height\":180,\"caption\":\"Salon u Lucky\"},\"image\":{\"@id\":\"https:\/\/salonulucky.cz\/#\/schema\/logo\/image\/\"},\"sameAs\":[\"https:\/\/www.facebook.com\/profile.php?id=61560060665392\"]}]}<\/script>\n<!-- \/ Yoast SEO plugin. -->","yoast_head_json":{"title":"P\u0159\u00edstrojov\u00e1 pedik\u00fara - Salon u Lucky","description":"Profesion\u00e1ln\u00ed p\u0159\u00edstrojov\u00e1 (such\u00e1) pedik\u00fara v \u010cesk\u00fdch Bud\u011bjovic\u00edch pro dokonale hladk\u00e1 a zdrav\u00e1 chodidla","robots":{"index":"index","follow":"follow","max-snippet":"max-snippet:-1","max-image-preview":"max-image-preview:large","max-video-preview":"max-video-preview:-1"},"canonical":"https:\/\/salonulucky.cz\/","og_locale":"cs_CZ","og_type":"article","og_title":"P\u0159\u00edstrojov\u00e1 pedik\u00fara - Salon u Lucky","og_description":"Profesion\u00e1ln\u00ed p\u0159\u00edstrojov\u00e1 (such\u00e1) pedik\u00fara v \u010cesk\u00fdch Bud\u011bjovic\u00edch pro dokonale hladk\u00e1 a zdrav\u00e1 chodidla","og_url":"https:\/\/salonulucky.cz\/","og_site_name":"Salon u Lucky","article_publisher":"https:\/\/www.facebook.com\/profile.php?id=61560060665392","article_modified_time":"2026-01-05T22:28:55+00:00","og_image":[{"width":180,"height":180,"url":"https:\/\/salonulucky.cz\/wp-content\/uploads\/2024\/09\/apple-touch-icon.png.png","type":"image\/png"}],"twitter_card":"summary_large_image","schema":{"@context":"https:\/\/schema.org","@graph":[{"@type":"WebPage","@id":"https:\/\/salonulucky.cz\/","url":"https:\/\/salonulucky.cz\/","name":"P\u0159\u00edstrojov\u00e1 pedik\u00fara - Salon u Lucky","isPartOf":{"@id":"https:\/\/salonulucky.cz\/#website"},"datePublished":"2019-06-04T13:06:47+00:00","dateModified":"2026-01-05T22:28:55+00:00","description":"Profesion\u00e1ln\u00ed p\u0159\u00edstrojov\u00e1 (such\u00e1) pedik\u00fara v \u010cesk\u00fdch Bud\u011bjovic\u00edch pro dokonale hladk\u00e1 a zdrav\u00e1 chodidla","breadcrumb":{"@id":"https:\/\/salonulucky.cz\/#breadcrumb"},"inLanguage":"cs","potentialAction":[{"@type":"ReadAction","target":["https:\/\/salonulucky.cz\/"]}]},{"@type":"BreadcrumbList","@id":"https:\/\/salonulucky.cz\/#breadcrumb","itemListElement":[{"@type":"ListItem","position":1,"name":"Dom\u016f","item":"https:\/\/salonulucky.cz\/"},{"@type":"ListItem","position":2,"name":"Home"}]},{"@type":"WebSite","@id":"https:\/\/salonulucky.cz\/#website","url":"https:\/\/salonulucky.cz\/","name":"Salon u Lucky","description":"p\u0159\u00edstrojov\u00e1 pedik\u00fara,such\u00e1 pedik\u00fara,pedik\u00fara \u010desk\u00e9 bud\u011bjovice,profesion\u00e1ln\u00ed pedik\u00fara,p\u00e9\u010de o chodidla,zdrav\u00e1 chodidla, pedik\u00fara bez vody, pedik\u00fara strojov\u011b, pedik\u00e9rka \u010desk\u00e9 bud\u011bjovice, pedik\u00fara hladk\u00e1 chodidla","publisher":{"@id":"https:\/\/salonulucky.cz\/#organization"},"potentialAction":[{"@type":"SearchAction","target":{"@type":"EntryPoint","urlTemplate":"https:\/\/salonulucky.cz\/?s={search_term_string}"},"query-input":{"@type":"PropertyValueSpecification","valueRequired":true,"valueName":"search_term_string"}}],"inLanguage":"cs"},{"@type":"Organization","@id":"https:\/\/salonulucky.cz\/#organization","name":"Salon u Lucky","url":"https:\/\/salonulucky.cz\/","logo":{"@type":"ImageObject","inLanguage":"cs","@id":"https:\/\/salonulucky.cz\/#\/schema\/logo\/image\/","url":"http:\/\/salonulucky.cz\/wp-content\/uploads\/2024\/09\/apple-touch-icon.png.png","contentUrl":"http:\/\/salonulucky.cz\/wp-content\/uploads\/2024\/09\/apple-touch-icon.png.png","width":180,"height":180,"caption":"Salon u Lucky"},"image":{"@id":"https:\/\/salonulucky.cz\/#\/schema\/logo\/image\/"},"sameAs":["https:\/\/www.facebook.com\/profile.php?id=61560060665392"]}]}},"_links":{"self":[{"href":"https:\/\/salonulucky.cz\/index.php?rest_route=\/wp\/v2\/pages\/7","targetHints":{"allow":["GET"]}}],"collection":[{"href":"https:\/\/salonulucky.cz\/index.php?rest_route=\/wp\/v2\/pages"}],"about":[{"href":"https:\/\/salonulucky.cz\/index.php?rest_route=\/wp\/v2\/types\/page"}],"author":[{"embeddable":true,"href":"https:\/\/salonulucky.cz\/index.php?rest_route=\/wp\/v2\/users\/1"}],"replies":[{"embeddable":true,"href":"https:\/\/salonulucky.cz\/index.php?rest_route=%2Fwp%2Fv2%2Fcomments&post=7"}],"version-history":[{"count":1,"href":"https:\/\/salonulucky.cz\/index.php?rest_route=\/wp\/v2\/pages\/7\/revisions"}],"predecessor-version":[{"id":116,"href":"https:\/\/salonulucky.cz\/index.php?rest_route=\/wp\/v2\/pages\/7\/revisions\/116"}],"wp:attachment":[{"href":"https:\/\/salonulucky.cz\/index.php?rest_route=%2Fwp%2Fv2%2Fmedia&parent=7"}],"curies":[{"name":"wp","href":"https:\/\/api.w.org\/{rel}","templated":true}]}}